{"id":233,"date":"2023-02-26T11:47:22","date_gmt":"2023-02-26T11:47:22","guid":{"rendered":"https:\/\/buendnis-fuer-frieden.berlin\/?page_id=233"},"modified":"2023-02-26T12:05:49","modified_gmt":"2023-02-26T12:05:49","slug":"impressum","status":"publish","type":"page","link":"https:\/\/buendnis-fuer-frieden.berlin\/?page_id=233","title":{"rendered":"Impressum"},"content":{"rendered":"\n<h2>Angaben gem\u00e4\u00df \u00a7 5 TMG<\/h2>\n\n\n\n<p class=\"has-medium-font-size\">Behiye Matschie<br>Kantstra\u00dfe 148<br>10623 Berlin<\/p>\n\n\n\n<h2>Kontakt<\/h2>\n\n\n\n<p class=\"has-medium-font-size\">E-Mail: kontakt@buendnis-fuer-frieden.berlin<\/p>\n\n\n\n<h2>Redaktionell verantwortlich<\/h2>\n\n\n\n<p class=\"has-medium-font-size\">Behiye Matschie<\/p>\n\n\n\n<p class=\"has-medium-font-size\"><br>Quelle: https:\/\/www.e-recht24.de<\/p>\n","protected":false},"excerpt":{"rendered":"<p>Angaben gem\u00e4\u00df \u00a7 5 TMG Behiye MatschieKantstra\u00dfe 14810623 Berlin Kontakt E-Mail: kontakt@buendnis-fuer-frieden.berlin Redaktionell verantwortlich Behiye Matschie Quelle: https:\/\/www.e-recht24.de<\/p>\n","protected":false},"author":1,"featured_media":0,"parent":0,"menu_order":0,"comment_status":"closed","ping_status":"closed","template":"","meta":[],"yoast_head":"<!-- This site is optimized with the Yoast SEO plugin v20.1 - https:\/\/yoast.com\/wordpress\/plugins\/seo\/ -->\n<title>Impressum - B\u00fcndnis f\u00fcr Frieden - Berlin<\/title>\n<meta name=\"robots\" content=\"index, follow, max-snippet:-1, max-image-preview:large, max-video-preview:-1\" \/>\n<link rel=\"canonical\" href=\"https:\/\/buendnis-fuer-frieden.berlin\/?page_id=233\" \/>\n<meta property=\"og:locale\" content=\"de_DE\" \/>\n<meta property=\"og:type\" content=\"article\" \/>\n<meta property=\"og:title\" content=\"Impressum - B\u00fcndnis f\u00fcr Frieden - Berlin\" \/>\n<meta property=\"og:description\" content=\"Angaben gem\u00e4\u00df \u00a7 5 TMG Behiye MatschieKantstra\u00dfe 14810623 Berlin Kontakt E-Mail: kontakt@buendnis-fuer-frieden.berlin Redaktionell verantwortlich Behiye Matschie Quelle: https:\/\/www.e-recht24.de\" \/>\n<meta property=\"og:url\" content=\"https:\/\/buendnis-fuer-frieden.berlin\/?page_id=233\" \/>\n<meta property=\"og:site_name\" content=\"B\u00fcndnis f\u00fcr Frieden - Berlin\" \/>\n<meta property=\"article:modified_time\" content=\"2023-02-26T12:05:49+00:00\" \/>\n<meta name=\"twitter:card\" content=\"summary_large_image\" \/>\n<meta name=\"twitter:label1\" content=\"Gesch\u00e4tzte Lesezeit\" \/>\n\t<meta name=\"twitter:data1\" content=\"1\u00a0Minute\" \/>\n<script type=\"application\/ld+json\" class=\"yoast-schema-graph\">{\"@context\":\"https:\/\/schema.org\",\"@graph\":[{\"@type\":\"WebPage\",\"@id\":\"https:\/\/buendnis-fuer-frieden.berlin\/?page_id=233\",\"url\":\"https:\/\/buendnis-fuer-frieden.berlin\/?page_id=233\",\"name\":\"Impressum - B\u00fcndnis f\u00fcr Frieden - Berlin\",\"isPartOf\":{\"@id\":\"https:\/\/buendnis-fuer-frieden.berlin\/#website\"},\"datePublished\":\"2023-02-26T11:47:22+00:00\",\"dateModified\":\"2023-02-26T12:05:49+00:00\",\"breadcrumb\":{\"@id\":\"https:\/\/buendnis-fuer-frieden.berlin\/?page_id=233#breadcrumb\"},\"inLanguage\":\"de\",\"potentialAction\":[{\"@type\":\"ReadAction\",\"target\":[\"https:\/\/buendnis-fuer-frieden.berlin\/?page_id=233\"]}]},{\"@type\":\"BreadcrumbList\",\"@id\":\"https:\/\/buendnis-fuer-frieden.berlin\/?page_id=233#breadcrumb\",\"itemListElement\":[{\"@type\":\"ListItem\",\"position\":1,\"name\":\"Startseite\",\"item\":\"https:\/\/buendnis-fuer-frieden.berlin\/\"},{\"@type\":\"ListItem\",\"position\":2,\"name\":\"Impressum\"}]},{\"@type\":\"WebSite\",\"@id\":\"https:\/\/buendnis-fuer-frieden.berlin\/#website\",\"url\":\"https:\/\/buendnis-fuer-frieden.berlin\/\",\"name\":\"B\u00fcndnis f\u00fcr Frieden - Berlin\",\"description\":\"\",\"potentialAction\":[{\"@type\":\"SearchAction\",\"target\":{\"@type\":\"EntryPoint\",\"urlTemplate\":\"https:\/\/buendnis-fuer-frieden.berlin\/?s={search_term_string}\"},\"query-input\":\"required name=search_term_string\"}],\"inLanguage\":\"de\"}]}<\/script>\n<!-- \/ Yoast SEO plugin. -->","yoast_head_json":{"title":"Impressum - B\u00fcndnis f\u00fcr Frieden - Berlin","robots":{"index":"index","follow":"follow","max-snippet":"max-snippet:-1","max-image-preview":"max-image-preview:large","max-video-preview":"max-video-preview:-1"},"canonical":"https:\/\/buendnis-fuer-frieden.berlin\/?page_id=233","og_locale":"de_DE","og_type":"article","og_title":"Impressum - B\u00fcndnis f\u00fcr Frieden - Berlin","og_description":"Angaben gem\u00e4\u00df \u00a7 5 TMG Behiye MatschieKantstra\u00dfe 14810623 Berlin Kontakt E-Mail: kontakt@buendnis-fuer-frieden.berlin Redaktionell verantwortlich Behiye Matschie Quelle: https:\/\/www.e-recht24.de","og_url":"https:\/\/buendnis-fuer-frieden.berlin\/?page_id=233","og_site_name":"B\u00fcndnis f\u00fcr Frieden - Berlin","article_modified_time":"2023-02-26T12:05:49+00:00","twitter_card":"summary_large_image","twitter_misc":{"Gesch\u00e4tzte Lesezeit":"1\u00a0Minute"},"schema":{"@context":"https:\/\/schema.org","@graph":[{"@type":"WebPage","@id":"https:\/\/buendnis-fuer-frieden.berlin\/?page_id=233","url":"https:\/\/buendnis-fuer-frieden.berlin\/?page_id=233","name":"Impressum - B\u00fcndnis f\u00fcr Frieden - Berlin","isPartOf":{"@id":"https:\/\/buendnis-fuer-frieden.berlin\/#website"},"datePublished":"2023-02-26T11:47:22+00:00","dateModified":"2023-02-26T12:05:49+00:00","breadcrumb":{"@id":"https:\/\/buendnis-fuer-frieden.berlin\/?page_id=233#breadcrumb"},"inLanguage":"de","potentialAction":[{"@type":"ReadAction","target":["https:\/\/buendnis-fuer-frieden.berlin\/?page_id=233"]}]},{"@type":"BreadcrumbList","@id":"https:\/\/buendnis-fuer-frieden.berlin\/?page_id=233#breadcrumb","itemListElement":[{"@type":"ListItem","position":1,"name":"Startseite","item":"https:\/\/buendnis-fuer-frieden.berlin\/"},{"@type":"ListItem","position":2,"name":"Impressum"}]},{"@type":"WebSite","@id":"https:\/\/buendnis-fuer-frieden.berlin\/#website","url":"https:\/\/buendnis-fuer-frieden.berlin\/","name":"B\u00fcndnis f\u00fcr Frieden - Berlin","description":"","potentialAction":[{"@type":"SearchAction","target":{"@type":"EntryPoint","urlTemplate":"https:\/\/buendnis-fuer-frieden.berlin\/?s={search_term_string}"},"query-input":"required name=search_term_string"}],"inLanguage":"de"}]}},"_links":{"self":[{"href":"https:\/\/buendnis-fuer-frieden.berlin\/index.php?rest_route=\/wp\/v2\/pages\/233"}],"collection":[{"href":"https:\/\/buendnis-fuer-frieden.berlin\/index.php?rest_route=\/wp\/v2\/pages"}],"about":[{"href":"https:\/\/buendnis-fuer-frieden.berlin\/index.php?rest_route=\/wp\/v2\/types\/page"}],"author":[{"embeddable":true,"href":"https:\/\/buendnis-fuer-frieden.berlin\/index.php?rest_route=\/wp\/v2\/users\/1"}],"replies":[{"embeddable":true,"href":"https:\/\/buendnis-fuer-frieden.berlin\/index.php?rest_route=%2Fwp%2Fv2%2Fcomments&post=233"}],"version-history":[{"count":3,"href":"https:\/\/buendnis-fuer-frieden.berlin\/index.php?rest_route=\/wp\/v2\/pages\/233\/revisions"}],"predecessor-version":[{"id":241,"href":"https:\/\/buendnis-fuer-frieden.berlin\/index.php?rest_route=\/wp\/v2\/pages\/233\/revisions\/241"}],"wp:attachment":[{"href":"https:\/\/buendnis-fuer-frieden.berlin\/index.php?rest_route=%2Fwp%2Fv2%2Fmedia&parent=233"}],"curies":[{"name":"wp","href":"https:\/\/api.w.org\/{rel}","templated":true}]}}